{"id":22,"date":"2021-01-02T19:57:32","date_gmt":"2021-01-02T19:57:32","guid":{"rendered":"http:\/\/www.rita.cz\/?page_id=22"},"modified":"2021-01-03T09:33:34","modified_gmt":"2021-01-03T09:33:34","slug":"o-nas","status":"publish","type":"page","link":"https:\/\/www.rita.cz\/index.php\/o-nas\/","title":{"rendered":"O n\u00e1s"},"content":{"rendered":"\r\n<p>Region\u00e1ln\u00ed informa\u010dn\u00ed a tiskovou agenturu jsme zalo\u017eili v roce 1992. Za\u010d\u00ednali jsme jako zpravodajsk\u00e1 a technick\u00e1 podpora tehdy vys\u00edlaj\u00edc\u00edch r\u00e1di\u00ed. Postupem \u010dasu se na\u0161e modulov\u00e9 zpravodajstv\u00ed vys\u00edlalo na v\u011bt\u0161in\u011b rozhlasov\u00fdch stanic. v\u010detn\u011b Frekvence 1, Radio\u017eurn\u00e1lu a na drtiv\u00e9 v\u011bt\u0161in\u011b soukrom\u00fdch r\u00e1di\u00ed.<\/p>\r\n\r\n\r\n\r\n<p>V sou\u010dasnosti se RITA zab\u00fdv\u00e1 v\u00fdrobou zpravodajstv\u00ed, nat\u00e1\u010den\u00ed audio a audiovizu\u00e1ln\u00edch po\u0159ad\u016f, provozuje <a href=\"http:\/\/www.radioapplaus.com\/\">R\u00e1dio APPLAUS<\/a> a internetov\u00fd kan\u00e1l <a href=\"https:\/\/www.youtube.com\/channel\/UCtXS_ZF0oOZHcRyuurF1ZQQ\/videos\">APPLAUS TV<\/a>. Z\u00e1rove\u0148 p\u016fsob\u00ed jako materi\u00e1ln\u011b technick\u00e1 podpora \u0161koly <a href=\"http:\/\/www.kurzyapplaus.cz\">APPLAUS M\u00c9DIA<\/a>, kter\u00e1 se zab\u00fdv\u00e1 p\u0159\u00edpravou rozhlasov\u00fdch a televizn\u00edch moder\u00e1tor\u016f, report\u00e9r\u016f, produk\u010dn\u00edch, kameraman\u016f a st\u0159iha\u010d\u016f\u00a0<\/p>\r\n","protected":false},"excerpt":{"rendered":"<p>Region\u00e1ln\u00ed informa\u010dn\u00ed a tiskovou agenturu jsme zalo\u017eili v roce 1992. Za\u010d\u00ednali jsme jako zpravodajsk\u00e1 a technick\u00e1 podpora tehdy vys\u00edlaj\u00edc\u00edch r\u00e1di\u00ed. Postupem \u010dasu se na\u0161e modulov\u00e9 zpravodajstv\u00ed vys\u00edlalo na v\u011bt\u0161in\u011b rozhlasov\u00fdch stanic. v\u010detn\u011b Frekvence 1, Radio\u017eurn\u00e1lu a na drtiv\u00e9 v\u011bt\u0161in\u011b soukrom\u00fdch r\u00e1di\u00ed. V sou\u010dasnosti se RITA zab\u00fdv\u00e1 v\u00fdrobou zpravodajstv\u00ed, nat\u00e1\u010den\u00ed audio a audiovizu\u00e1ln\u00edch po\u0159ad\u016f, provozuje R\u00e1dio&hellip; <a class=\"more-link\" href=\"https:\/\/www.rita.cz\/index.php\/o-nas\/\">Pokra\u010dovat ve\u00a0\u010dten\u00ed <span class=\"screen-reader-text\">O n\u00e1s<\/span><\/a><\/p>\n","protected":false},"author":1,"featured_media":0,"parent":0,"menu_order":0,"comment_status":"closed","ping_status":"closed","template":"","meta":{"_monsterinsights_skip_tracking":false,"_monsterinsights_sitenote_active":false,"_monsterinsights_sitenote_note":"","_monsterinsights_sitenote_category":0,"footnotes":""},"_links":{"self":[{"href":"https:\/\/www.rita.cz\/index.php\/wp-json\/wp\/v2\/pages\/22"}],"collection":[{"href":"https:\/\/www.rita.cz\/index.php\/wp-json\/wp\/v2\/pages"}],"about":[{"href":"https:\/\/www.rita.cz\/index.php\/wp-json\/wp\/v2\/types\/page"}],"author":[{"embeddable":true,"href":"https:\/\/www.rita.cz\/index.php\/wp-json\/wp\/v2\/users\/1"}],"replies":[{"embeddable":true,"href":"https:\/\/www.rita.cz\/index.php\/wp-json\/wp\/v2\/comments?post=22"}],"version-history":[{"count":6,"href":"https:\/\/www.rita.cz\/index.php\/wp-json\/wp\/v2\/pages\/22\/revisions"}],"predecessor-version":[{"id":69,"href":"https:\/\/www.rita.cz\/index.php\/wp-json\/wp\/v2\/pages\/22\/revisions\/69"}],"wp:attachment":[{"href":"https:\/\/www.rita.cz\/index.php\/wp-json\/wp\/v2\/media?parent=22"}],"curies":[{"name":"wp","href":"https:\/\/api.w.org\/{rel}","templated":true}]}}

O nás

<p>Regionální informační a tiskovou agenturu jsme založili v roce 1992. Začínali jsme jako zpravodajská a technická podpora tehdy vysílajících rádií. Postupem času se naše modulové zpravodajství vysílalo na většině rozhlasových stanic. včetně Frekvence 1, Radiožurnálu a na drtivé většině soukromých rádií.</p>



<p>V současnosti se RITA zabývá výrobou zpravodajství, natáčení audio a audiovizuálních pořadů, provozuje <a href="http://www.radioapplaus.com/">Rádio APPLAUS</a> a internetový kanál <a href="https://www.youtube.com/channel/UCtXS_ZF0oOZHcRyuurF1ZQQ/videos">APPLAUS TV</a>. Zároveň působí jako materiálně technická podpora školy <a href="http://www.kurzyapplaus.cz">APPLAUS MÉDIA</a>, která se zabývá přípravou rozhlasových a televizních moderátorů, reportérů, produkčních, kameramanů a střihačů </p>

<p>Regionální informační a tiskovou agenturu jsme založili v roce 1992. Začínali jsme jako zpravodajská a technická podpora tehdy vysílajících rádií. Postupem času se naše modulové zpravodajství vysílalo na většině rozhlasových stanic. včetně Frekvence 1, Radiožurnálu a na drtivé většině soukromých rádií. V současnosti se RITA zabývá výrobou zpravodajství, natáčení audio a audiovizuálních pořadů, provozuje Rádio&hellip; <a class="more-link" href="https://www.rita.cz/index.php/o-nas/">Pokračovat ve čtení <span class="screen-reader-text">O nás</span></a></p>
