{"id":42,"date":"2021-01-02T20:37:28","date_gmt":"2021-01-02T20:37:28","guid":{"rendered":"http:\/\/www.rita.cz\/?page_id=42"},"modified":"2021-01-03T08:53:03","modified_gmt":"2021-01-03T08:53:03","slug":"home","status":"publish","type":"page","link":"https:\/\/www.rita.cz\/","title":{"rendered":"HOME"},"content":{"rendered":"<p style=\"text-align: left;\"><span style=\"font-size: 18pt;\">Z\u00e1znam a st\u0159ih zvuku a videa<br \/>\n\u017div\u00e9 p\u0159enosy<br \/>\nNahr\u00e1vac\u00ed studia<br \/>\nDabing<br \/>\nV\u00fdroba reklam<br \/>\nNahr\u00e1v\u00e1n\u00ed audioknih<br \/>\n<\/span><\/p>\n<p style=\"text-align: left;\"><span style=\"font-size: 18pt;\">R\u00e1dio APPLAUS<\/span><br \/>\n<span style=\"font-size: 18pt;\">APPLAUS TV<\/span><\/p>\n","protected":false},"excerpt":{"rendered":"<p>Z\u00e1znam a st\u0159ih zvuku a videa \u017div\u00e9 p\u0159enosy Nahr\u00e1vac\u00ed studia Dabing V\u00fdroba reklam Nahr\u00e1v\u00e1n\u00ed audioknih R\u00e1dio APPLAUS APPLAUS TV<\/p>\n","protected":false},"author":1,"featured_media":0,"parent":0,"menu_order":0,"comment_status":"closed","ping_status":"closed","template":"","meta":{"_monsterinsights_skip_tracking":false,"_monsterinsights_sitenote_active":false,"_monsterinsights_sitenote_note":"","_monsterinsights_sitenote_category":0,"footnotes":""},"_links":{"self":[{"href":"https:\/\/www.rita.cz\/index.php\/wp-json\/wp\/v2\/pages\/42"}],"collection":[{"href":"https:\/\/www.rita.cz\/index.php\/wp-json\/wp\/v2\/pages"}],"about":[{"href":"https:\/\/www.rita.cz\/index.php\/wp-json\/wp\/v2\/types\/page"}],"author":[{"embeddable":true,"href":"https:\/\/www.rita.cz\/index.php\/wp-json\/wp\/v2\/users\/1"}],"replies":[{"embeddable":true,"href":"https:\/\/www.rita.cz\/index.php\/wp-json\/wp\/v2\/comments?post=42"}],"version-history":[{"count":12,"href":"https:\/\/www.rita.cz\/index.php\/wp-json\/wp\/v2\/pages\/42\/revisions"}],"predecessor-version":[{"id":60,"href":"https:\/\/www.rita.cz\/index.php\/wp-json\/wp\/v2\/pages\/42\/revisions\/60"}],"wp:attachment":[{"href":"https:\/\/www.rita.cz\/index.php\/wp-json\/wp\/v2\/media?parent=42"}],"curies":[{"name":"wp","href":"https:\/\/api.w.org\/{rel}","templated":true}]}}