{"id":77,"date":"2021-01-04T13:14:30","date_gmt":"2021-01-04T13:14:30","guid":{"rendered":"http:\/\/www.rita.cz\/?page_id=77"},"modified":"2021-01-04T13:15:48","modified_gmt":"2021-01-04T13:15:48","slug":"nataceni-akci","status":"publish","type":"page","link":"https:\/\/www.rita.cz\/index.php\/nataceni-akci\/","title":{"rendered":"Nat\u00e1\u010den\u00ed akc\u00ed"},"content":{"rendered":"<p>Nat\u00e1\u010d\u00edme firemn\u00ed akce, v\u00fdznamn\u00e9 \u017eivotn\u00ed ud\u00e1losti, promoce, svatby, d\u011btsk\u00e9 bes\u00eddky a p\u0159edstaven\u00ed.<\/p>\n<p>Video dostanete sest\u0159\u00edhan\u00e9, opat\u0159en\u00e9 grafikou a titulky na flash disku nebo si ho m\u016f\u017eete st\u00e1hnout z cloudu.<\/p>\n<p>Z\u00e1znam prov\u00e1d\u00edme na 1, 2, 3 nebo 4 kamery podle p\u0159\u00e1n\u00ed. Z\u00e1kladn\u00ed d\u00e9lka po\u0159izov\u00e1n\u00ed z\u00e1znamu je 30 minut.<\/p>\n","protected":false},"excerpt":{"rendered":"<p>Nat\u00e1\u010d\u00edme firemn\u00ed akce, v\u00fdznamn\u00e9 \u017eivotn\u00ed ud\u00e1losti, promoce, svatby, d\u011btsk\u00e9 bes\u00eddky a p\u0159edstaven\u00ed. Video dostanete sest\u0159\u00edhan\u00e9, opat\u0159en\u00e9 grafikou a titulky na flash disku nebo si ho m\u016f\u017eete st\u00e1hnout z cloudu. Z\u00e1znam prov\u00e1d\u00edme na 1, 2, 3 nebo 4 kamery podle p\u0159\u00e1n\u00ed. Z\u00e1kladn\u00ed d\u00e9lka po\u0159izov\u00e1n\u00ed z\u00e1znamu je 30 minut.<\/p>\n","protected":false},"author":1,"featured_media":0,"parent":0,"menu_order":0,"comment_status":"closed","ping_status":"closed","template":"","meta":{"_monsterinsights_skip_tracking":false,"_monsterinsights_sitenote_active":false,"_monsterinsights_sitenote_note":"","_monsterinsights_sitenote_category":0,"footnotes":""},"_links":{"self":[{"href":"https:\/\/www.rita.cz\/index.php\/wp-json\/wp\/v2\/pages\/77"}],"collection":[{"href":"https:\/\/www.rita.cz\/index.php\/wp-json\/wp\/v2\/pages"}],"about":[{"href":"https:\/\/www.rita.cz\/index.php\/wp-json\/wp\/v2\/types\/page"}],"author":[{"embeddable":true,"href":"https:\/\/www.rita.cz\/index.php\/wp-json\/wp\/v2\/users\/1"}],"replies":[{"embeddable":true,"href":"https:\/\/www.rita.cz\/index.php\/wp-json\/wp\/v2\/comments?post=77"}],"version-history":[{"count":2,"href":"https:\/\/www.rita.cz\/index.php\/wp-json\/wp\/v2\/pages\/77\/revisions"}],"predecessor-version":[{"id":80,"href":"https:\/\/www.rita.cz\/index.php\/wp-json\/wp\/v2\/pages\/77\/revisions\/80"}],"wp:attachment":[{"href":"https:\/\/www.rita.cz\/index.php\/wp-json\/wp\/v2\/media?parent=77"}],"curies":[{"name":"wp","href":"https:\/\/api.w.org\/{rel}","templated":true}]}}